+ 24. Suppose y = 2*u, -r - 5 = -u + 1. What is the tens digit of (r/(-3))/5*66?
2
Suppose 3*w = 3*n + 7*w - 4475, 5*w = -4*n + 5968. What is the units digit of n?
7
Let m(b) = 6*b - 56. Let z be m(-23). What is the hundreds digit of 4/(-6) + z/(-12)*10?
1
Let o(c) = 10*c + 26. Let j be o(-6). Let k = j - -159. What is the hundreds digit of k?
1
Suppose -2*g + 27 = -2*c - 3*c, g + 5*c + 9 = 0. Let n(t) = -g + t - 1 + 14*t. What is the units digit of n(2)?
3
Suppose -4*w = -4, 2*u + 2*w = u + 5. Suppose u*p + p + 144 = 0. What is the units digit of ((-15)/(-12))/((-3)/p)?
5
Suppose 0 = -u + 137 + 300. What is the hundreds digit of u?
4
Let a = 2976 + -917. What is the thousands digit of a?
2
Let s be (-3)/(-4) + 3654/24. Let v = -101 + s. What is the units digit of v?
2
Let s(a) = 32*a**2 - 2*a - 1. Let b be 6*(21/(-9) + 3). Suppose -5 = j + b*j. What is the units digit of s(j)?
3
Suppose -o - 4*t + 4067 = 0, 4*o - 3*o + 2*t - 4071 = 0. What is the units digit of o?
5
What is the hundreds digit of 42762/33 - 8/(-44)?
2
Suppose 0 = 4*n + 17 - 65. Suppose 0 = n*j - 0*j - 324. What is the units digit of j?
7
Let x be (5 - 4)*(9 + 1 + 0). What is the tens digit of (-1)/(((-1)/(-14))/((-35)/x))?
4
Let b be -1 + 7 - 12/3. Suppose 4*d + h = 2*h + 245, 2*d + b*h = 130. What is the tens digit of d?
6
What is the units digit of 634/6 + (-8)/(-24)?
6
Let k = 80 - 80. Suppose 40 = -k*r + 2*r. What is the units digit of r?
0
Let k be (-2)/(-5) + (-18768)/(-80). Let b be k/20 + 2/8. Suppose 0*j = -4*j + b. What is the units digit of j?
3
Suppose -11*i + 233 = -262. Let k = 47 - i. What is the units digit of k?
2
Let h(s) = 336*s**2 + 4*s + 7. What is the thousands digit of h(-2)?
1
Let d(o) = -o**3 - o + 4. Let v be d(0). Suppose v*m + m = -4*z, -2*z = -m. What is the units digit of 8 - (m + 1 - -1)?
6
Let f(b) = -b**3 + 10*b**2 + 6*b - 12. Let w be f(10). Suppose 3*k + 2*d - 302 = -w, 4*d = -5*k + 422. What is the tens digit of k?
8
Let p be (5 - (9 + -4))*1. What is the units digit of (14 + p)/((-6)/(-81))?
9
Let i be -11 + (1 - 0/1). Let x(j) = j + 14. Let m be x(i). Suppose -3*b + r + 77 = 0, m*r - 4 = 5*b - 137. What is the units digit of b?
5
Let i(z) = -z**3 + 20*z**2 - 20*z - 13. Let x be i(18). Let k = -169 + x. What is the units digit of k?
6
Let v = -68 + 27. Let g = v - -70. What is the tens digit of g?
2
Suppose -10 = 5*z, k + 4*z - 2 = -6. Suppose 5*g - 3*m - 12 = k, 3*g + 5*m - 30 = 0. Suppose g*j = j + 20. What is the units digit of j?
5
What is the hundreds digit of (-5107)/(15/(-6) - 6/(-4))?
1
Let j be 1 - (-810 - (12/4)/(-3)). Suppose 6*s + 3*s - j = 0. What is the units digit of s?
0
Let h be 22/(((-2)/(-11))/1). Let u = 387 + -201. Suppose 4*o = 3*w - h - 13, -2*o + u = 4*w. What is the units digit of w?
6
Let x = -42 + 46. Suppose 0 = 5*y, -113 = -x*f - 5*y - 5. What is the tens digit of f?
2
Let m(j) = -2 - 19*j - 1 - 3*j + 8. Let d = 54 + -57. What is the tens digit of m(d)?
7
Suppose -5*k = -2*m - 270, 141 - 6 = -m - 3*k. Let w = -51 - m. What is the tens digit of w?
8
Let g = 71 + -13. Let d = -31 + g. What is the units digit of d?
7
Let m(k) = 9*k**2 + k - 10. What is the units digit of m(-5)?
0
Suppose 0 = c - 5 + 4. Let s be (-75)/(-2 - c/(-1)). Suppose 0*l = -3*l + s. What is the units digit of l?
5
Suppose w - 5*x = -26, 5 = -3*w - 5*x + 27. Let v be -5*(4/10)/w. What is the units digit of 192/(-16)*(-1)/v?
6
Let n(d) = 18*d**2 + 41*d + 179. What is the hundreds digit of n(-9)?
2
Let v(a) = 30*a**2 - 25*a - 20. What is the tens digit of v(-9)?
3
Let q(i) be the third derivative of -1/3*i**3 + 0*i + 1/10*i**5 + 0 + 2*i**2 + 1/24*i**4. What is the units digit of q(-2)?
0
Let m be 5 - -41 - 1*-2. Let i = m + 34. Suppose g - 11 = -4*f + i, 0 = -5*f + 3*g + 95. What is the tens digit of f?
2
Let c be (-4)/14 - 276/(-84). Suppose z - 10 = -3*v, -v - c*v = 3*z - 45. What is the tens digit of z?
1
Let y = 13 + 14. Let r = 22 - y. Let b(z) = z**3 + 5*z**2 - 3*z - 11. What is the units digit of b(r)?
4
Let o be ((0 - -1) + 94)/(-1). Let a = -50 - o. Let n = 82 - a. What is the units digit of n?
7
Let f(r) = -r - 21. Let l be f(-23). What is the tens digit of 7/(-4) + l - 825/(-12)?
6
Let n be -1 - (-10 - (-16)/4). Suppose -n*j + 17 = -8. Suppose j*f + 12 = -r, r - f + 12 = 3*r. What is the units digit of r?
8
Let j(m) = 2*m**2 + 10*m + 9. Suppose -5*u - 11 = -2*f + 13, 3 = -f. What is the tens digit of j(u)?
2
Let f be 324/(-33) + 6/(-33). Let q = f + 10. Suppose -3*p - 2 + 68 = q. What is the tens digit of p?
2
Let v(j) = -j**3 - 32*j**2 + 26*j - 22. What is the units digit of v(-37)?
1
What is the units digit of (10 - (-74)/(-8)) + (-20594)/(-8)?
5
Suppose 10*c - 78544 + 17234 = 0. What is the tens digit of c?
3
Let o(i) = i**3 + 8*i**2 - 3*i - 1. Let b be o(-9). What is the hundreds digit of 4/(-22) - 10790/b?
1
Let s(b) = -3*b - 28. Let x be s(-10). What is the tens digit of (9 - (2 - 4)) + x?
1
Suppose 4*i - 50 = 3*i. Let f = i + -42. What is the units digit of f?
8
Let l(t) = -3*t + 68. Let c(o) = 2*o - 34. Let h(v) = 5*c(v) + 3*l(v). What is the tens digit of h(18)?
5
Let q be 4 + -1 + -4 + 9. Suppose -4*x + 28 = -2*z - q, -4*x + 24 = 4*z. Suppose 0 = -3*m + 37 + x. What is the tens digit of m?
1
Suppose 1843 + 3147 = 5*u. What is the hundreds digit of u?
9
Suppose -2*b = -f + 129, -4*f - 3*b = -2*f - 279. Let c = -21 + f. What is the hundreds digit of c?
1
Let n = 404 - -347. What is the hundreds digit of n?
7
Suppose -l + 12 = -5*l, 4*l = 4*u + 12. Let n be (-21)/(-9) + (-4)/u. Suppose s + 5*i = 13, n*i = 4*s - 18 - 57. What is the units digit of s?
8
Let g be (-10)/(-3)*42/7. Let m be (g/(-4) + -1)/2. What is the units digit of 1 + -1 + (m - -25)?
2
Suppose -2*b = 3*n - 159 - 397, 4*b - 172 = -n. What is the units digit of n?
8
Suppose -12 + 500 = o + v, v + 964 = 2*o. What is the hundreds digit of o?
4
Let d be 3 + -14*1/2. Let q be d + -2*412/8. Let y = -76 - q. What is the tens digit of y?
3
Suppose -8 = -4*c - 4*o, 3*o + 10 - 2 = -c. Suppose -4*r = -c*r - 297. What is the tens digit of (-284)/(-11) - 18/r?
2
Suppose 0 = 4*y + 274 - 82. Let l = 12 - y. What is the units digit of l?
0
Let a = 75 + -10. Let l = a + 11. What is the units digit of l?
6
Suppose 12774 = -318*t + 324*t. What is the thousands digit of t?
2
Let y(v) = 28*v + 2. Let d be y(6). Let u = 50 + -45. Suppose -u*j - 15 = -d. What is the tens digit of j?
3
Let o = -1722 - -2605. What is the hundreds digit of o?
8
Suppose -476 - 3100 = -4*n. What is the units digit of n?
4
Suppose 0 = h - 5*r - 12, -2*h + 0*r - r + 13 = 0. Let l(n) = n - 12. Let s be l(h). Let t = s - -20. What is the tens digit of t?
1
Let m = -1683 - -2603. What is the hundreds digit of m?
9
What is the units digit of 1047/(4/2*6/8)?
8
Let n = 112 - 104. Let v = n + 179. What is the units digit of v?
7
Let d = 31 - 17. Let g be 15/(-35) - (-48)/d. Suppose -2*u + 75 = g*u. What is the tens digit of u?
1
Suppose w + 3*w + 4*b - 4 = 0, -4 = 2*b. Suppose 0 = x - 1, -680 = -4*m + w*x - 251. What is the hundreds digit of m?
1
Let t(v) = -84*v + 17*v**2 + 3 + 85*v - 7*v**2. What is the hundreds digit of t(5)?
2
What is the tens digit of 369*7*(-4)/(-21)?
9
Let j be (-3)/(-9) + 34/6. Suppose 0 = r - 16 - j. What is the units digit of r?
2
Let a = -383 + 697. What is the tens digit of a?
1
Suppose -3*u - 2*i + 374 = 0, -9*u + i = -7*u - 240. What is the tens digit of u?
2
Suppose -5*n + 10034 = -299*p + 301*p, 0 = p - 2. What is the tens digit of n?
0
Let p = -60 + 71. Suppose 2*r = p*r - 549. What is the units digit of r?
1
Let z(w) = w**2 + 8*w + 2. Let f be z(-10). Suppose 3*r = r + f. Suppose 25 + r = 2*n. What is the units digit of n?
8
Suppose -3*r - 14 = -5*a, -4*r - a = 3*a - 24. Suppose r*s - 3*v = -36, -5*s - 3*v - 34 = 56. Let n = 28 + s. What is the units digit of n?
0
Suppose -3*c = -5*h + 161, -h + 3*h = -2*c - 102. What is the units digit of (-9)/(-2)*c/6*-4?
6
Let u be (30/18)/((-1)/(-3)). Let o(m) = -2*m**3 + 11*m**2 - 3*m - 7. Let p be o(u). What is the tens digit of p/((81/102)/9)?
3
Suppose 0*f - 98 = -f + q, -478 = -5*f - q. What is the tens digit of f?
9
Let p(m) = m**3 + 3*m**2 + 20*m - 193. What is the tens digit of p(9)?
5
Suppose 5*f - 134 = -4*w + 63, 3*f + 5*w = 113.